9 composite?
True
Is 726509411 composite?
False
Is 139401401 composite?
True
Is 715117519 prime?
True
Is 1422850789 a prime number?
True
Is 17773325191 prime?
False
Is 13398773417 prime?
False
Is 102433309 composite?
True
Is 17273731121 a composite number?
False
Is 2166378757 a prime number?
False
Is 31544189 a composite number?
False
Is 803696687 a prime number?
True
Is 15740879243 prime?
True
Is 1647131119 prime?
False
Is 2271074131 a prime number?
True
Is 60575873381 a composite number?
False
Is 1776159403 prime?
False
Is 358025746343 prime?
True
Is 44304066613 a prime number?
True
Is 24469713881 composite?
False
Is 71622321797 a prime number?
False
Is 62562847069 prime?
False
Is 36405153709 prime?
False
Is 4306083479 composite?
False
Is 4086424049 a prime number?
True
Is 39986236267 a prime number?
True
Is 19708844747 prime?
True
Is 76342747081 a prime number?
False
Is 1106552351 a prime number?
True
Is 4720072241 composite?
True
Is 36902423783 a prime number?
False
Is 24613119541 a prime number?
True
Is 12398296723 a composite number?
True
Is 181406341 prime?
True
Is 1143262261 prime?
True
Is 451920815 a composite number?
True
Is 34615328389 composite?
False
Is 23652481993 a prime number?
False
Is 23844485021 composite?
True
Is 2786642347 a prime number?
True
Is 26646597683 prime?
False
Is 23376508951 a composite number?
True
Is 34235600873 a prime number?
False
Is 5836867949 prime?
False
Is 16223473577 a composite number?
True
Is 21538351907 a composite number?
False
Is 87175427093 a composite number?
False
Is 16300834967 composite?
False
Is 311558227 composite?
False
Is 1004600083 a composite number?
True
Is 199965455623 composite?
True
Is 6027274907 a composite number?
False
Is 6162241283 a composite number?
True
Is 132734639 composite?
True
Is 1066232017 a prime number?
True
Is 222274457 composite?
True
Is 4017615187 a composite number?
True
Is 2158030159 prime?
True
Is 2676205313 a prime number?
True
Is 156583333 a composite number?
True
Is 95000249 a prime number?
False
Is 65751638 a prime number?
False
Is 1017571943 prime?
False
Is 449659811 prime?
True
Is 638126057 prime?
True
Is 65645457917 a prime number?
False
Is 759446257 prime?
False
Is 1011216829 composite?
True
Is 31675865407 a composite number?
False
Is 3539888413 a prime number?
True
Is 177884291 a prime number?
False
Is 170665283 a prime number?
False
Is 7273506343 a composite number?
True
Is 280301810431 a composite number?
False
Is 3809546357 a prime number?
False
Is 250950199 prime?
False
Is 12337286743 composite?
False
Is 401864423 prime?
False
Is 5601160667 a composite number?
False
Is 470184961 a prime number?
False
Is 164423602729 a composite number?
False
Is 25306015381 a composite number?
True
Is 199932329 a prime number?
False
Is 479555129 prime?
False
Is 40628981 a prime number?
True
Is 826923679 composite?
False
Is 108829699513 a composite number?
False
Is 2290399609 prime?
False
Is 617212721 a composite number?
True
Is 549134195 prime?
False
Is 379653191 a composite number?
False
Is 1578253097 a prime number?
True
Is 1248094987 a composite number?
True
Is 1420656737 a composite number?
True
Is 17518258451 a composite number?
False
Is 11194908911 a prime number?
False
Is 812945747 prime?
False
Is 1863925093 a composite number?
False
Is 559553161 composite?
True
Is 3230979221 a composite number?
False
Is 2948020483 composite?
False
Is 56558782421 a composite number?
True
Is 1014995011 composite?
True
Is 2825614509 a prime number?
False
Is 243206591 a prime number?
False
Is 52281661 composite?
True
Is 9140148023 composite?
False
Is 9827231777 prime?
False
Is 1069394203 composite?
False
Is 8543711821 a prime number?
False
Is 14961619 a composite number?
False
Is 7694115397 a prime number?
False
Is 969680665 a composite number?
True
Is 21685688737 prime?
True
Is 22220082191 composite?
False
Is 1482063991 a prime number?
False
Is 551449649 a composite number?
False
Is 70470209801 prime?
False
Is 1203705973 composite?
False
Is 275663917 composite?
False
Is 381959021 a composite number?
False
Is 6849127633 a prime number?
True
Is 9364715111 prime?
False
Is 103280663831 a composite number?
False
Is 1155654349 a composite number?
True
Is 14133738223 a composite number?
True
Is 52053196469 a composite number?
True
Is 92228101 a prime number?
False
Is 1267367593 composite?
False
Is 5296613699 prime?
False
Is 948379771 composite?
True
Is 270852233 a prime number?
False
Is 1423115381 prime?
True
Is 260682101 a composite number?
False
Is 136709776083 a composite number?
True
Is 2288452313 a composite number?
True
Is 2401909061 composite?
False
Is 797285491 a composite number?
False
Is 5847115223 prime?
False
Is 729703669 a prime number?
True
Is 1689267547 a composite number?
True
Is 2598256313 composite?
True
Is 6762783613 prime?
False
Is 18751337107 a prime number?
False
Is 998669899 a composite number?
False
Is 51178426147 a prime number?
True
Is 39550517443 prime?
True
Is 15657930458 prime?
False
Is 14958221569 a prime number?
True
Is 43255326071 a composite number?
True
Is 2843647967 prime?
True
Is 24698942467 composite?
False
Is 137475246137 composite?
True
Is 10684670681 a composite number?
False
Is 104470969 a composite number?
True
Is 627621103 prime?
False
Is 5228441549 prime?
True
Is 6309918731 composite?
True
Is 2338871401 composite?
True
Is 9678500927 a prime number?
False
Is 89297223733 a prime number?
False
Is 93761243 a composite number?
True
Is 9407981003 a composite number?
True
Is 7064208941 a prime number?
False
Is 8963375439 a prime number?
False
Is 1531226831 a composite number?
False
Is 29640313849 prime?
True
Is 17914882217 composite?
True
Is 52238752249 prime?
True
Is 14350729205 composite?
True
Is 98033765201 a composite number?
False
Is 35540395771 a prime number?
True
Is 1147811543 prime?
False
Is 105238577351 a composite number?
True
Is 9957059093 a prime number?
True
Is 270356101237 a prime number?
True
Is 32776633 a prime number?
False
Is 102413706337 composite?
False
Is 158640944005 prime?
False
Is 11524466813 composite?
False
Is 6814248967 a composite number?
True
Is 1114261531 composite?
False
Is 1952140577 prime?
False
Is 563185657 a composite number?
False
Is 29625845999 composite?
True
Is 511020569 prime?
True
Is 4522249111 a composite number?
True
Is 19220859689 a prime number?
True
Is 2866956101 composite?
False
Is 18958522931 a prime number?
True
Is 5002867913 prime?
True
Is 96353796451 prime?
False
Is 64536121 prime?
False
Is 5097619378 prime?
False
Is 48682381435 prime?
False
Is 1963409519 a prime number?
True
Is 273680833 a prime number?
True
Is 21769857529 prime?
False
Is 87203515403 composite?
False
Is 77261143229 composite?
False
Is 940582823 composite?
False
Is 31539402839 a prime number?
False
Is 128821040797 a prime number?
True
Is 1313941493 prime?
False
Is 709110359 a prime number?
True
Is 22928131713 a composite number?
True
Is 34087274777 a composite number?
True
Is 824291651 a prime number?
True
Is 406968481 prime?
False
Is 99657979 prime?
True
Is 23261893507 a composite number?
False
Is 113365261 composite?
False
Is 9017242781 a composite number?
False
Is 4751229767 a prime number?
True
Is 3816705709 a composite number?
True
Is 1145256271 composite?
True
Is 23131811471 a composite number?
True
Is 35118332057 a composite number?
False
Is 39797482003 a prime number?
True
Is 2740958513 composite?
False
Is 45793727491 composite?
False
Is 4577841629 a composite number?
False
Is 7017474943 a prime number?
True
Is 2162589027 composite?
True
Is 4219958837 a composite number?
False
Is 26400585979 composite?
False
Is 59205598667 composite?
False
Is 475899247 a prime number?
False
Is 407652887 prime?
False
Is 191436857 a prime number?
True
Is 29231255549 a prime number?
False
Is 2650061747 prime?
True
Is 111957154213 a prime number?
True
Is 53539634051 a prime number?
False
Is 33941269 a composite number?
True
Is 2046893323 composite?
True
Is 4138071257 a prime number?
True
Is 633536213 prime?
True
Is 7064827267 a prime number?
True
Is 1919496739 a composite number?
False
Is 2522127421 composite?
True
Is 37797883 a composite number?
True
Is 90018755027 composite?
False
Is 7562537 composite?
True
Is 180080918 prime?
False
Is 1